*s - 77*s**2 - 2*s. Is j(4) a prime number?
True
Suppose 43*u = 23*u. Suppose u = 87*j - 85*j - 6772. Is j prime?
False
Suppose -4*n - 1021 = -3*r, -4*n - r - 863 = 162. Suppose 5*b + 15*m = 16*m - 2237, 4*b + 1792 = 2*m. Let l = n - b. Is l a composite number?
False
Suppose -m - 258982 = -5*f, f + 252*m - 254*m = 51791. Is f composite?
False
Suppose 12*y + 4*y = 0. Suppose -93675 = -y*l - 15*l. Is l a composite number?
True
Let n = 692 + -695. Is (-2)/(-2) - (27384/n + -2) a composite number?
True
Let w = 50 + -45. Suppose -2*g + 87 = -p, -4*p = -0*g + w*g - 198. Suppose 0 = -y + 25 + g. Is y a composite number?
False
Let j(g) = -5*g**2 + 101 + 6*g**2 + g**2 - 18 + g**2 - 93*g. Is j(-41) a composite number?
True
Let h(q) = 29*q**3 + 7*q**2 - 2*q + 1. Let a be (1 + 2)/9 + (-40)/(-6). Is h(a) a prime number?
False
Let j = 483198 + -209647. Is j a composite number?
False
Let p(x) = -x + 1. Let g(q) = 4*q + 13. Let z(h) = -g(h) + p(h). Let o be z(-3). Let d(m) = 133*m + 10. Is d(o) prime?
True
Is (154546/(-4) - -1)*(-46)/69 a composite number?
True
Suppose 4*j = -x + 213, 35 + 37 = j + 4*x. Let s = j + -49. Suppose s*y = 5*i + 2381, -4*y + 3*i + 355 + 2827 = 0. Is y a composite number?
False
Let u be 42/(-9)*6/2. Let j = -12 - u. Suppose -j*v + 180 = -322. Is v a composite number?
False
Suppose -2*u - 6 = -4*u. Suppose -2*c - 9 = 3*b, -4 = b - 2*c + u*c. Is ((-10)/20)/(b/6) - -1571 composite?
True
Suppose 0*o - 9 = -3*o, 90496 = y + 2*o. Suppose -9*n + y + 9527 = 0. Is n a prime number?
True
Let p = 174226 + -124005. Is p composite?
False
Let c(y) be the third derivative of 1/5*y**5 + 0 + 11*y**2 + 0*y + 8/3*y**3 - 3/8*y**4. Is c(7) a composite number?
False
Suppose 5*l = 5*o + 9760, 5*o - 9 = 11. Let b = l + 14705. Is b prime?
True
Suppose 54*o - 49*o = -160. Let l = 12 + o. Is 155/(5/l*-4) composite?
True
Suppose -86860 = -6*n + 297026. Suppose 5*h - n = -4*h. Is h composite?
False
Suppose -2*i = 5*i - 119. Suppose 0 = -i*c + 10*c + 7819. Is c a prime number?
True
Suppose 50018 = 2*a + 2*b, a - 34765 = 5*b - 9750. Is a/6 + 22/33 prime?
False
Is (-234)/312*3/9*-202828 a prime number?
True
Let x(b) = b**2 - 3*b + 5. Suppose 0 = -4*z - 5*p + 20, -3*z - 3*p + 12 = -5*z. Let s be x(z). Suppose 0 = s*n + 128 - 1203. Is n a prime number?
False
Suppose 14*x - 706923 = 423143. Is x composite?
True
Let w(q) = q**3 - 12*q**2 + 3*q + 28. Let j be w(12). Suppose j*b - 26886 = 58*b. Is b prime?
True
Suppose 3291 = w + 12*b - 17*b, 8 = -2*b. Is w prime?
True
Let f = 112 + -95. Let u = -6788 + 11375. Suppose 6*d + u = f*d. Is d a prime number?
False
Suppose -3*p + 15 = -2*l - 0*p, -p - 5 = l. Is 4059 + (-20)/l*(-108)/(-90) composite?
True
Let d = 17 - -65. Let c(t) = -d*t + t**2 - 27 + 92*t + t**2. Is c(12) a composite number?
True
Let q(b) = -b**2 - 31*b - 53. Let u be q(-29). Suppose 4*t - 19896 = 3*a + 13177, u*t - a - 41344 = 0. Is t prime?
True
Let z(f) = 46*f - 15*f - 12*f + 11*f + 22*f + 7. Let p(g) = g**2 + 6*g. Let i be p(-8). Is z(i) composite?
False
Let g = 235 - 226. Suppose 0 = g*z - 3432 - 38967. Is z composite?
True
Let q = 8 + -3. Let x(t) = 271*t + 6. Let v be x(q). Suppose 2*u + l - v = 2*l, 2*u + l = 1371. Is u prime?
True
Suppose 2*q = 14 + 56. Suppose v + 2*y = 2*v + q, 3*v + 150 = -3*y. Is (-26658)/v*(-10)/(-4) a prime number?
True
Let c be 0/((-3)/(-6)*2). Suppose 3*v = -d - d + 71, c = 5*d - 3*v - 146. Is d composite?
False
Let x = 99 + -95. Suppose -x*h - 14 = 42. Is (-9894)/h + 32/112 prime?
False
Let s = -13463 - -23854. Is s composite?
False
Let j = 11029 + -6540. Let d(i) = -352*i**2 - 4*i + 6. Let u be d(3). Let h = j + u. Is h a prime number?
False
Suppose 14 = 8*y - 2. Suppose 2*p + y*p + 56 = 0. Is 4/(-14) + (-14088)/p prime?
False
Suppose -7*h = -5698 - 3136. Suppose -28*t = -30*t + h. Is t prime?
True
Is -334 + 381969 - 16*1 composite?
True
Let d = 1618882 - 943248. Is d prime?
False
Suppose 5182 = -4*o + 1130. Let r = o + 1720. Is r composite?
True
Suppose 120*q = 46*q + 2816218. Is q composite?
True
Let o = -19887 + -5309. Is ((-24)/(-16))/((-3)/o) prime?
False
Let j(q) = 13*q**3 - 5*q**2 + 11*q - 16. Let g be j(7). Let n = g + -3034. Suppose -5*h - 4601 = -3*o, -h + 298 + n = o. Is o prime?
False
Is 792149 - ((22 - 6) + -7 - (12 - 7)) prime?
False
Is (-276)/3036 - (-37764)/11 prime?
True
Suppose -70 = -16*a + 2*a. Suppose s = -3*h - 573 + 5136, a*h - 7604 = -2*s. Is h prime?
False
Suppose 60*p + 525188 = 1800428. Is p a prime number?
False
Is (143126/(-7))/((-10)/35) a prime number?
True
Suppose -4*c = -5*m + 13179, -5*m - 4*c = -10912 - 2259. Suppose m = h - 2*t, 13163 = 5*h + 6*t - 4*t. Is h composite?
False
Suppose -120*u = -124*u + 4*d + 1157592, 4*d = -2*u + 578802. Is u composite?
True
Suppose 3*q - 27 = 3*b, 0 = 2*q + 8*b - 5*b - 13. Let a(d) = 1019*d + 8. Let u(o) = 340*o + 3. Let j(x) = -2*a(x) + 7*u(x). Is j(q) a composite number?
False
Let a be 1 + (-5)/7 - (-150)/14. Let y be (2/(-10))/(1/5). Is a/y*(-9 - 2) prime?
False
Suppose -90*p = -10*p - 1240880. Is p composite?
False
Let x = 288292 + -134106. Is x a composite number?
True
Is (-30471273)/14*(-2)/9 a composite number?
False
Suppose k = -4*o - 4, k + 33 = 4*k - 3*o. Suppose -4*n - 8 = 3*q, 5*q + 7 = -5*n - k. Let g(v) = -132*v + 13. Is g(q) composite?
False
Let b(i) = -13*i**3 - 14*i**2 + 62*i + 644. Is b(-13) a prime number?
False
Let a = -202 + 276. Is a*(-5 - (-312)/16) composite?
True
Let f(z) be the first derivative of 38*z - 5 + 3/2*z**2 + 7/3*z**3. Is f(12) a prime number?
False
Let p(m) = -7*m - 25. Let c be p(-7). Let x = c + -21. Suppose -3295 = -x*r + 4862. Is r a prime number?
True
Suppose 8 = -4*f, -6 = -r + 3*f + 15. Suppose 2*n + r = 3*g, 3*g - g - 10 = 0. Suppose n = v - 4*x - 205, 0*v - 765 = -4*v + 5*x. Is v prime?
False
Let l(c) = 14*c**2 - 94*c - 137. Is l(52) a composite number?
False
Let d = -38 + 48. Let a be 4/d*10 + 390. Let v = -203 + a. Is v composite?
False
Suppose -21 = 4*p + 7. Let l(a) = -150*a - 57. Is l(p) a prime number?
False
Suppose -4*f - 216656 = -4*r, 2*r - 143*f = -145*f + 108324. Is r composite?
False
Is (3/12)/((-1)/4)*(-934364)/4 prime?
True
Let w = 32680 + -1595. Is w a composite number?
True
Let x be 3*((-230)/30 + 9). Let g(a) = 457*a**2 + 1 + 3 + 1 - 16*a. Is g(x) prime?
True
Is (2 - 2) + (2041/2*2 - 0) composite?
True
Let b be ((-964)/(-36) + (-3)/27)*21. Let u = -43 + b. Is u a prime number?
False
Suppose -d - 4*d - 4*y = -94, 5*y + 31 = 2*d. Let t be (-5*d/(-60))/((-6)/(-20)). Is 908 - 1/(-3)*(-8 + t) a composite number?
False
Is 2*-8*(-204451)/208 composite?
False
Let o be -1 + (-1 - (1 + -4)). Suppose -o = 2*a + d, 5*a + 5*d + 2 = -3. Let i(n) = -2*n**3 + n**2 + 2*n + 991. Is i(a) a composite number?
False
Let o = 227 + -227. Suppose -2*p - 3*y + 15010 = o, 9*y - 5*y = -p + 7515. Is p a prime number?
True
Let r(z) = -1114*z - 2123. Is r(-6) composite?
False
Let c(r) = -r + 5. Let j be c(5). Suppose -f = 2*l - 2, j*f - 5*f + 3*l = 16. Is ((-30)/(-45))/(f/(-807)) prime?
True
Suppose -4*r - 92 = 2*s, 4*r - 3*r + s + 24 = 0. Let l = 26 + r. Is ((-514)/l)/((-6)/12) composite?
False
Suppose -3*s + 2*g = -4, 4*g - 6 = -s - 0*g. Suppose -5*v - s*m = -16879, 0 = 5*v - 2*v + m - 10128. Is v composite?
True
Let d(l) = -4*l - 1. Let v(t) = 5*t + 1. Let k(w) = 6*d(w) + 5*v(w). Let p(j) = 4*j - 7. Let s(u) = 3*k(u) - p(u). Is s(-6) prime?
False
Suppose -5*y + 32*y - 297 = 0. Suppose -y*v + 1391840 = 21*v. Is v composite?
True
Let b(q) be the second derivative of -q**5/60 + 1817*q**3/6 + 2*q**2 - 39*q. Let i(j) be the first derivative of b(j). Is i(0) prime?
False
Let x be 4 + (-4 - -3)/(3/6). Suppose -x*u - 1698 = -5596. Is u composite?
False
Suppose -2*w - 31 = -5*y, 6*w + 9 = 3*w. Suppose 34 = -y*q - 21. Is (-22)/121 - 8483/q prime?
False
Let q be 1052/(-22) + (-2)/11. Let y = 51 + q. Suppose -y*t + 2065 = 2*u - 0*u, -4*u = -t - 4123. Is u a prime number?
True
Suppose 4*t = 5*n + 30938, 0*t + 3*n - 15480 = -2*t. Suppose -10*s + 3*u = -13*s + t, -s + 5*u + 2579 = 0. Is s a prime number?
True
Is 10 - (-1691010)/(-12 - -18) prime?
False
Let o(a) = 342*a - 47. Suppose 4 + 17 = 3*z. Let u be o(z). Let s = -1408 + u. Is s a composite number?
True
Let d(b) = -357*b**2 - b**3 - 2*b**3 + 5*b - 350*b**2 + 704*b**2 + 66. I